ppose 0*q = -q. Suppose -5*s + 8*s - 120 = q. Calculate the greatest common divisor of s and b.
10
Let b(v) = -v + 34. Let m be b(-42). Calculate the highest common factor of m and 323.
19
Suppose 6 = -2*x + 4*l + 22, -2*l + 22 = 4*x. Let b(d) = d**2 + 3*d - 8. Let t be b(x). Let r = -437 - -460. Calculate the greatest common factor of r and t.
23
Suppose 0 = 5*l + 5*d + 43 - 198, -d + 57 = 2*l. Let p be l + -16 - 2/1. Calculate the greatest common factor of p and 160.
8
Let g(v) = v**2 - 10*v + 1. Let f be g(6). Let o = 38 + f. Let z be (-2)/(-8) + o/4. What is the highest common factor of z and 28?
4
Let a(r) = 17*r + 208. Let p be a(-11). Suppose 2*d = 7*d - 30. What is the highest common divisor of p and d?
3
Suppose 186*m - 209*m = -21390. Calculate the highest common divisor of 124 and m.
62
Suppose -15*v - 63 = -22*v. Let m be 60/v*6/(-5)*-8. Calculate the greatest common divisor of m and 96.
32
Suppose -2*c = -2*n + 3*c, 0 = 2*c. Suppose 3*h - 5*g + 10 = 0, 2 + 4 = 3*g. Suppose n = -k - h*k + 26. What is the greatest common divisor of k and 13?
13
Let n be (54 - -104)*(0 - 1)*-1. Calculate the highest common divisor of n and 1027.
79
Let z be (-1)/1*5 + 71. What is the greatest common divisor of 33 and z?
33
Let u be (2/4 + 0)*(-14 + 16). Let q(v) = v**3 - 9*v**2 + v - 1. Let g be q(9). Calculate the highest common factor of u and g.
1
Let g = 44 + -38. Suppose 66 + 30 = g*c. Calculate the greatest common divisor of 64 and c.
16
Let u(n) = -156*n + 90 + 39*n - 87. Let x be u(-1). What is the highest common factor of 15 and x?
15
Let n = -3 + 34. Suppose 106*b - 6*b - 15500 = 0. What is the highest common divisor of b and n?
31
Let x = 11 - 5. Let h be 190/(-100) + (-1)/10. Let p = h + x. What is the highest common divisor of p and 28?
4
Let g = -185 - -211. What is the greatest common factor of g and 286?
26
Let r = 37 - 32. Let u(f) = -f**2 + 4*f + 8. Let n be u(r). Let s(h) = 2*h**2 + h. Let g be s(-1). What is the highest common factor of g and n?
1
Suppose -u = -3*s + 9, -14 = -4*u + 15*s - 13*s. What is the greatest common divisor of 12 and u?
6
Let r be -1 + (20*9)/6. Suppose -2*y + 0*y = 0. Let o be 1 + y + r + 3. Calculate the highest common divisor of o and 11.
11
Let k be 8/(-12) + 1388/(-6). Let s = k - -364. What is the highest common factor of s and 33?
33
Let w be (391 + 1)*30/35. Calculate the highest common divisor of 108 and w.
12
Let k(f) = f**3 + 2*f**2 - 5*f + 4. Let p be k(5). Calculate the highest common factor of p and 70.
14
Suppose -d - 177 = 5*w, 23 = 2*w + 2*d + 89. Let g = w + 70. Suppose 4*s = -4*x + 348, -4*x + 0*s - s = -342. What is the highest common divisor of g and x?
17
Suppose -3*f = -173*w + 176*w - 105, -3*w + 137 = -5*f. What is the greatest common factor of 364 and w?
13
Let y(a) = 3*a - 8. Let i be y(6). Suppose 2*f - i*f + 56 = 0. Calculate the highest common divisor of 49 and f.
7
Let r = -57 + 61. Suppose -23 = -r*j - 3*s + 2, 0 = j + s - 7. Calculate the highest common factor of 1 and j.
1
Let t(u) = -u + 78. Let n be t(13). What is the greatest common divisor of n and 13?
13
Suppose 3*r - x - 89 = 0, -3*r - 2*x + 77 - 3 = 0. Suppose -3*a + r = -a. Calculate the greatest common factor of 56 and a.
14
Let w(h) = 2*h + 43. Let q be w(-20). Suppose -n + 2*x = -10, 3*n + q*x = -x. Calculate the highest common divisor of n and 28.
4
Let u be (37/37)/(2/364). Calculate the greatest common divisor of u and 42.
14
Let d be (-1)/(4 - (-1820)/(-456)). Let h = 50 - d. Calculate the highest common factor of h and 41.
41
Suppose 8*h - 185 + 129 = 0. What is the greatest common factor of 49 and h?
7
Let j(y) = 20*y + 3. Let s(w) = 10*w + 2. Let q(n) = -3*j(n) + 5*s(n). Let k be q(-3). Let t = k - 10. What is the greatest common factor of 21 and t?
21
Suppose 37*z = 1874 + 901. Calculate the highest common divisor of 12 and z.
3
Let w = -92 + 113. Calculate the greatest common divisor of w and 6.
3
Let w(y) = y**3 - 8*y**2 + 2*y - 12. Let m be w(8). Suppose 74 = m*a - 22. Calculate the greatest common divisor of a and 6.
6
Suppose -5*q - 119 = -319. Suppose -45*v = -q*v - 105. What is the greatest common divisor of v and 14?
7
Let w be 48/60*(585/6)/3. Calculate the highest common factor of 78 and w.
26
Let n be 10/(-25)*(0 - 435). What is the greatest common factor of n and 58?
58
Let a(z) = -1 - z**3 + 7*z**2 - 3 + 7 + 9 - z. Let n be a(7). Suppose -n*j + 432 = j. Calculate the greatest common divisor of j and 8.
8
Let r(v) = v**3 - 34*v**2 - 108*v + 27. Let t be r(37). What is the highest common factor of 230 and t?
46
Let j(h) = h + 15. Let l be j(-17). Let n = -18 - -34. Let c be (n/(-6))/(l/9). Calculate the greatest common divisor of 30 and c.
6
Suppose 364 = 4*s - 2*c, -3*s + 82 = -2*s + 4*c. Let h be (216/16)/(6/8). Calculate the greatest common factor of h and s.
18
Let f = 440 - -165. Calculate the greatest common divisor of f and 55.
55
Let g = 49 + -28. Let k(t) = -25*t - 6*t**2 + t**2 + 34 - 97 + 4*t**2. Let n be k(-21). What is the greatest common factor of g and n?
21
Let b(n) = 7*n - 8. Let x be b(8). Suppose 0*h - 69 = 4*h - 5*r, 0 = -3*h + 3*r - 48. Let m = h + 17. What is the greatest common factor of m and x?
6
Let p = 714 + -702. Let g = -1 + 49. Calculate the highest common factor of g and p.
12
Let k(j) = -40*j + 14. Let q be k(0). Calculate the greatest common divisor of 105 and q.
7
Let g(p) = -10*p**3 - 3*p**2 + 8*p + 7. Let i be g(-4). Suppose i = 11*j - 4*j. Let d = 17 + 37. What is the greatest common factor of d and j?
27
Let c = -310 - -455. Suppose c = 4*n + 33. Suppose -t + 5*t - 5*g - 41 = 0, 4*g = -3*t + 54. What is the highest common factor of n and t?
14
Suppose -15*d + 1882 - 127 = 0. Calculate the highest common divisor of d and 27.
9
Let u be (4/3)/(4/228) - 3. Let h = -65 + u. Calculate the highest common divisor of h and 72.
8
Suppose 212 = 4*m + 3*z - 4*z, -5*m - 2*z = -252. Suppose 21 = 5*k - 4. Suppose -k*c = -10, l + 2*c = -l + m. What is the highest common factor of l and 12?
12
Let m = 594 + -521. Calculate the greatest common factor of 365 and m.
73
Let x(h) = 11*h**2 - 8*h - 3. Let o be x(-1). Calculate the highest common factor of o and 12.
4
Suppose -5*p + 14*p - 45 = 0. Let x(g) = -20*g. Let q be x(-1). Suppose 4*h - q = 0, 3*o - 7*o = -h - 3. Calculate the highest common factor of o and p.
1
Let p be (-1797)/(-15) - (-2)/10. Let i = p - 64. What is the highest common divisor of i and 168?
56
Let t(n) be the first derivative of 2*n**3/3 + 8*n**2 + 30*n + 15. Let g be t(-12). Let f = 0 + 14. Calculate the greatest common divisor of f and g.
14
Suppose -9*x - 8*x = -2278. Suppose 2*o = 4, -4*g + 2*o + 3 - 363 = 0. Let c = g + x. Calculate the highest common factor of c and 30.
15
Let m = -42 - -59. Let o = 300 + -181. Calculate the highest common factor of o and m.
17
Suppose -2*d + 5396 = 5*v - 4*v, -2*v + 5398 = 2*d. What is the greatest common factor of d and 58?
29
Suppose -39*w - 91 = -46*w. What is the highest common divisor of w and 65?
13
Let v(h) = -2*h - 7*h**3 + h**2 - 2 + 1 + 0*h - 2*h**2. Let y be v(-1). Calculate the greatest common factor of y and 56.
7
Let m be 1490/75 - (-2)/15. Calculate the greatest common divisor of 44 and m.
4
Let n(m) = -m**2 - 7*m + 4. Let q be n(-6). Suppose 5*j - 215 = 3*x, -j + 5*x = -5*j + 135. What is the highest common divisor of q and j?
10
Let i be 76 + 1 + 0 + (5 - 1). Let p = -66 - -120. Calculate the greatest common factor of i and p.
27
Let n(k) = 2*k + 27. Suppose -31 = 2*q + 3*p, 3*q + 2 + 12 = 2*p. Let l be n(q). Let r be (-2)/1 + l + -3. What is the greatest common factor of 30 and r?
6
Let p be (-584)/(-6)*93/124. Calculate the highest common divisor of p and 1.
1
Let m(b) = -b**2 + b + 2. Let v be m(1). Suppose -v*o = -41 + 5. Calculate the greatest common factor of 6 and o.
6
Let v be ((-16)/5)/((-1)/5). Let o be ((-10)/(-20))/(10/960). What is the greatest common divisor of o and v?
16
Let h(j) = 3*j**2 - 4*j - 1. Let d(v) = -4*v**2 + 5*v + 1. Let c(q) = 2*d(q) + 3*h(q). Let r be c(-2). Calculate the highest common divisor of 35 and r.
7
Let l = -6 + 9. Suppose 2*k - 2*u + 5*u = 24, l*k = -3*u + 30. Suppose 1 = -4*h + 5*z, -z + 0*z + 35 = 5*h. What is the highest common divisor of k and h?
